or of h and 28.
14
Let y be (1 - 16/6)*-21. Let h be (14/y)/((-2)/(-640)). Calculate the greatest common divisor of h and 16.
16
Let f = -23 + 53. Let j = 2 - -8. Calculate the greatest common divisor of f and j.
10
Let o(c) = 2*c**2 - c - 2. Suppose 6*g - g - 24 = -2*t, -5*g + 20 = 0. Let a be ((-1)/t)/(3/24). Let i be o(a). Calculate the highest common factor of 17 and i.
17
Let b be 11 - (4 - 3) - 0. Let n = 60 + -30. Calculate the greatest common divisor of n and b.
10
Let b(n) = 22*n + 2. Let h be b(5). Suppose -3*k - 2*y = -12, 5*k = 3*y + 1 - 0. Let j be 1/(k/30) - 1. What is the greatest common divisor of j and h?
14
Suppose 3*c - 49 = 158. Calculate the greatest common divisor of 46 and c.
23
Let o(p) = p**2 - 8*p - 21. Let r be o(-9). Calculate the greatest common divisor of 12 and r.
12
Let s = 16 - 8. What is the highest common factor of s and 2?
2
Suppose 2 = 5*u - i - 61, -5*u = -5*i - 75. What is the greatest common divisor of u and 96?
12
Let a(o) = -o**3 + 10*o**2 - 10*o + 4. Let z be a(9). Let h = 101 + z. What is the highest common factor of h and 12?
12
Suppose 2*c + 6 = 5*d - 24, 5*d = c + 35. Let l(t) = t**2 - 6*t - 8. Let v be l(12). What is the greatest common divisor of d and v?
8
Let g(p) = -p**3 - 5*p**2 - 10*p - 1. Let m be g(-7). Suppose -4*o + m = -121. What is the greatest common divisor of o and 24?
24
Let m be (2 - 66/(-15))/(4/10). Calculate the highest common factor of 48 and m.
16
Let y(n) = n**3 + 21. Let q be y(0). Suppose 42 = 3*x - 105. Let f = x - -14. What is the highest common divisor of f and q?
21
Let f(y) = 2*y**2 + 15*y + 6. Let q be f(-10). What is the highest common divisor of q and 28?
28
Let d(n) = -2*n**2. Let a be d(1). Let i = a + 3. Suppose 3*p = -5*w - 0*w + 46, 20 = 2*w + 2*p. What is the highest common divisor of w and i?
1
Let l(i) = 11*i - 7. Let o be l(3). Calculate the highest common divisor of 130 and o.
26
Suppose -5*a + 3*a + 72 = 0. Let l = -3 + 10. Let i(x) = 3*x + 3. Let p be i(l). Calculate the highest common factor of a and p.
12
Suppose -4*d - 5*f + 239 = 0, -3*d - 3*f = -213 + 30. Let h(q) = -q**3 + 12*q**2 + 17*q - 30. Let b be h(13). What is the greatest common divisor of d and b?
22
Suppose -3*y = 4*a + a - 40, -59 = -4*y - a. What is the highest common factor of 60 and y?
15
Let y(s) = -s**3 - 6*s**2 + 5*s - 5. Let n be y(-7). Suppose 0 - n = -3*m. Calculate the highest common factor of 33 and m.
3
Suppose 0 = 4*v + 33 - 165. Let f be (8 + 1)*13/(-3). Let c = -28 - f. Calculate the highest common divisor of v and c.
11
Suppose 12*v = 9*v + 3. Calculate the greatest common divisor of v and 19.
1
Let u(z) = 21*z**3 - 2*z**2 + 1. Let j be u(1). What is the greatest common factor of j and 60?
20
Suppose 3*z = -5*p + 143 - 28, 0 = -5*z + 3*p + 169. Calculate the greatest common factor of 10 and z.
5
Suppose 1 = -y - b, 0*b - b - 1 = -3*y. Suppose y*d - 48 = -2*d. Calculate the highest common divisor of d and 12.
12
Suppose -5*s + 0*d + 3*d + 66 = 0, -2*s - 3*d + 39 = 0. Let k(x) = -7*x - 5. Let w be k(-5). Calculate the greatest common factor of s and w.
15
Let g be ((-108)/15)/((-4)/30). Suppose 1 = l - 0*l. Let v = l - -5. Calculate the greatest common divisor of v and g.
6
Let h(w) = 7*w + 4. Let x be h(4). Let b(d) = -d**2 - 9*d - 10. Let s be b(-5). Let a = s + x. Calculate the highest common divisor of 28 and a.
14
Let m(r) = 8*r**2 - 17*r - 39. Let d be m(-2). Let a = 150 + -69. Calculate the highest common divisor of d and a.
27
Suppose 0*q = -4*q - i + 53, 5*q = 5*i + 60. Calculate the highest common factor of 13 and q.
13
Let i = 18 - 12. Let s be (-2)/(-2) - (-18)/2. Suppose -3*r = -4*g - 32, 2*r + 4*g + 2 + s = 0. Calculate the highest common factor of i and r.
2
Let n(k) = -k**2 - 4*k - 6. Let o be n(-4). Let l be o*6/27*-54. What is the greatest common factor of l and 8?
8
Let d be 1*(-2)/2 - -25. Suppose 2*n + 0*a - d = 2*a, -2*n - 2*a = -16. What is the highest common factor of 70 and n?
10
Let h be (-1)/6 - 175/30. Let b be -3 - h - (-2 + 2). Let c be 1/b - (-304)/6. What is the greatest common divisor of c and 34?
17
Let p(u) = -u**2 - 6*u + 1. Let i be p(-5). What is the highest common divisor of i and 4?
2
Suppose 6*s = 10*s - 12. Suppose 2*g - 7 = -s. Suppose g*l + l - 48 = 0. Calculate the highest common divisor of l and 144.
16
Let s(x) = x**2 - 2*x + 3. Let v be s(2). Suppose 0 = -3*w - 4*k - 45 - 79, -5*w + v*k = 168. Let a = w + 84. What is the highest common divisor of 12 and a?
12
Let z(u) = u**3 - 7*u**2 - 11*u - 9. Let h be z(9). What is the greatest common factor of 135 and h?
27
Let j be 12 - 2 - (1 - -1). Suppose 0 = 6*w - 11*w + 40. What is the highest common factor of w and j?
8
Let p(i) = i**2 - 2. Let q be p(-3). What is the greatest common divisor of q and 77?
7
Let n(q) = -q**3 - 5*q**2 - 3*q - 1. Let i be n(-4). Let p be (85/25)/((-1)/i). Calculate the greatest common divisor of p and 187.
17
Suppose q + 4*u - 31 = 0, -6*u + 2*u = -2*q + 50. Suppose 4*w = 37 + q. Let p(k) = -k**2 - 4*k. Let o be p(-2). What is the greatest common divisor of o and w?
4
Let i = -20 + 12. Let p = 24 + i. Suppose 0 = -x - 4*x + 80. Calculate the greatest common factor of p and x.
16
Let v(a) = -a**2 + 3*a + 9. Let j be v(4). Calculate the highest common divisor of 5 and j.
5
Suppose -3*v + 3*c = -53 + 11, -5*c = -20. Let d be ((-42)/4 - -1)*-4. Suppose 2 = -2*p + d. Calculate the greatest common factor of v and p.
18
Suppose -12 = -4*n, -3*n + 1 = z - 4*n. Let w(p) = -4*p. Let l be w(-7). Calculate the greatest common divisor of l and z.
4
Suppose -5*d + 20 + 0 = 0. Let m(p) = -p**2 - 5*p - 4*p**2 + 9*p**2 + 2 - 6. Let f be m(d). What is the highest common divisor of 10 and f?
10
Suppose 0*w - 34 = -w - 3*y, -110 = -5*w + 5*y. What is the greatest common factor of 100 and w?
25
Suppose 3*i = -3*j - 6, 0 = 3*i + j - 1 - 3. Let c = 33 - 18. What is the highest common divisor of i and c?
3
Let u be (-8)/((-2 - -1)/(-6)). Let y = u - -80. Let h = 29 + -13. Calculate the highest common factor of y and h.
16
Suppose 0 = 5*b + p - 5 - 6, 0 = b - 2*p. Let c be (2 + -3)*-10 + -2. What is the highest common factor of b and c?
2
Let h = -8 - -10. What is the greatest common factor of h and 22?
2
Let f(t) = -t**3 - 3*t**2 + 2*t. Let n be ((-1)/(-2))/((-3)/36). Let k be f(n). Suppose k = h + 2*h. Calculate the highest common divisor of 8 and h.
8
Suppose -208 = -2*o - 2. Let n = o + -26. What is the highest common factor of 11 and n?
11
Suppose 7*n + 64 = 9*n. Calculate the highest common factor of n and 16.
16
Suppose i + 12 = 24. What is the highest common factor of i and 12?
12
Let p(z) = z**2 + 10*z - 11. Let d be p(-14). Let h(a) = -a**2 + 9*a - 3. Let j be h(8). Calculate the highest common divisor of d and j.
5
Let n be (-112)/(-21)*63/4. What is the highest common factor of n and 14?
14
Let d = -75 - -99. Calculate the greatest common divisor of 240 and d.
24
Let g = -3 + 3. Suppose 2*p - 10 = -2*k, g = -5*k + 2*k + p + 35. Suppose 6 = m - k. Calculate the highest common divisor of m and 24.
8
Let h = -4 - -9. Suppose -h*i = 42 - 187. Suppose 5*x - 91 - i = 0. Calculate the highest common factor of x and 6.
6
Let q(t) = -126*t**3 - t**2 + 1. Let w(v) = -v - 4. Let l be w(-6). Suppose l*y - 1 = -3. Let m be q(y). What is the highest common factor of 14 and m?
14
Suppose 3*l + 2*c = 3*c - 3877, -4*l = 2*c + 5166. Let b be l/(-18) - 4/(-18). What is the greatest common factor of 8 and b?
8
Let p = 25 + -3. Let y = 43 - p. Calculate the greatest common factor of 3 and y.
3
Suppose 3 = -14*w + 17*w. Let k(u) = 4*u - 1. Let q be k(w). Calculate the greatest common factor of q and 15.
3
Let u = 199 - 193. Let d = -12 - -24. Calculate the greatest common divisor of u and d.
6
Suppose 3*m - 45 = 2*m. Let k(g) = -g**3 + 4*g**2. Let p be k(3). Let w(u) = u - 4. Let y be w(p). What is the greatest common factor of m and y?
5
Let s = 220 - 80. Calculate the highest common divisor of 40 and s.
20
Suppose 3*r - 126 = -3*r. Calculate the greatest common divisor of r and 147.
21
Let y(x) = -x - 2. Let p = -6 - -4. Let w be (18/(-15))/(p/(-10)). Let d be y(w). What is the highest common factor of d and 32?
4
Let s(d) = -d**3 + 3*d**2 - d + 2. Let r be s(3). Let h be (-36)/